 y(r) = 11*r**2 + 7*r - 26. What is the hundreds digit of y(-8)?
6
Let w = -294 + 192. Let v = w - -176. What is the tens digit of v?
7
What is the units digit of (-2)/(-14) - (-434)/(-98)*-2?
9
Suppose 0 = -3*g + n + 4, 5*g + 9*n = 4*n + 20. Let i(z) = 0*z**2 + 4*z + 5*z**g + 4*z**2 - 4 - 5*z**2. What is the units digit of i(3)?
4
Let o(l) = -l**2 - 2*l + 8. Let s be o(-4). Suppose 8*r - 166 - 130 = s. What is the units digit of r?
7
Let q(m) = 4*m - 8. Let u be q(3). Let z(f) = 4*f + 7. What is the tens digit of z(u)?
2
Suppose -3*l + 748 = l. Let m = -77 + l. Suppose -2*h + 7*h = m. What is the units digit of h?
2
Let u be 23/3 - (-10)/30. Let g = u - -15. What is the units digit of g?
3
Suppose -2*r - 4*r = -24. Suppose j = -5*l - 6, r*j - 9 = -l + 5. Suppose -2*q - 2*x = -58, 3*q = 8*q + j*x - 141. What is the tens digit of q?
2
Let k be 584/(-6)*99/(-12)*-2. What is the units digit of -1*(k/14 - 28/98)?
5
Suppose 0 = -0*m + 6*m + 72. What is the tens digit of (-12)/(m/(-3))*-6?
1
Let d be 42/((-3)/(-2) + -3). Let l = -17 - d. Suppose -l*b = -10*b - 34. What is the units digit of b?
4
Let d be 54/12*(-2)/(-3). Suppose -d*f = -4*f + 11. Let z(x) = -x**3 + 10*x**2 + 11*x + 7. What is the units digit of z(f)?
7
Let k(l) = -11*l**3 + l**2 - l - 2. Let m be k(2). Let f = -48 - m. What is the units digit of f?
0
Let i(j) = j**3 - 65*j**2 - 86*j - 431. What is the thousands digit of i(67)?
2
Suppose -5*f = -2*b - 270, -5*b - 159 + 464 = 5*f. Suppose 6*m = 4*m + f. Let r = 4 + m. What is the units digit of r?
2
Let h = 342 + -245. What is the tens digit of h?
9
Let i = 1281 + -833. What is the units digit of i?
8
Let j(x) = 28*x**2 + x. Let a = 1 - -2. Suppose d = 4*f + 9, 2*f = a*d + 2*d - 9. What is the tens digit of j(d)?
2
Suppose 5*z + 130 = 5*v, -4*v + 14 + 94 = -5*z. Let m = 33 - v. What is the tens digit of m?
1
Suppose 0 = -38*r + 32*r + 4476. What is the tens digit of r?
4
Suppose -1461 = 3*p - 6450. What is the units digit of p/9 + (-10)/(-45)?
5
Let d(o) = o**2 + 2*o - 150. What is the tens digit of d(15)?
0
Suppose w - 673 = 3*q, -6*w + w + q + 3351 = 0. What is the units digit of w?
0
Let s be (636/(-8))/3*-2. Suppose -4*n + s + 17 = 2*k, -8 = -2*n. Let j = -10 + k. What is the tens digit of j?
1
Let y(n) = -7 + n**3 + 6*n**2 + 5 + 7*n - 2*n. Let k be y(-4). Suppose -x + 27 + k = 3*q, x + q = 35. What is the units digit of x?
4
Suppose 3*y = -4*n + 1, 0 = n + 3*y + y + 3. What is the hundreds digit of ((-1)/n)/(8/(-1328)) + 2?
1
Suppose 2*h + 18 = 8*h. Suppose -192 = -h*q + q. What is the tens digit of q?
9
Suppose -2*j + 11274 = 5*v + j, -v - j + 2254 = 0. Suppose 22*u - 14*u = v. What is the units digit of u?
2
Let c be 7/((-14)/(-6)) - 3. Suppose c = 4*j - 245 + 53. What is the units digit of j?
8
Let c(n) = 11*n + 34. Let v be c(7). Suppose -5*l + 394 = -v. What is the hundreds digit of l?
1
Suppose 0 = -5*j - 2 - 8. What is the tens digit of (2 + 108)*j/(-5)?
4
What is the tens digit of 12/8*((-1 - -725) + -2)?
8
Suppose -3*j + 60 = o + 1, 4*o - 3*j = 161. What is the units digit of o?
4
Let g be (16/72 - 22/18) + 2. What is the units digit of -4*g/1*(-104)/16?
6
Suppose y - 3*o = 2*y - 2225, -5*o = -5*y + 11065. What is the tens digit of y?
1
Let r be 14/5 + (-2)/(-10). Suppose 4*s - 13 = 7. Suppose -m = -5*m + 20, -r*q = -s*m + 19. What is the units digit of q?
2
Let f be (-60)/3*2/(-5). Let t = f + -6. Suppose -t*z - 3*z + 4*d = -129, -3*d = -5*z + 133. What is the units digit of z?
9
Suppose 2*n = 14 - 4. Suppose 0 = -3*i - 2*q + q + 23, 0 = 3*i - n*q - 47. What is the units digit of 0 + (6 - i/3)?
3
Let v(p) = 8*p - 4. Let m be v(2). Suppose m*y - 540 = 6*y. What is the units digit of y?
0
Let l = -148 - -34. Let a be (6 + -3)/((-9)/l). Suppose -34 - a = -4*b. What is the tens digit of b?
1
Let d = -2301 - -3427. What is the hundreds digit of d?
1
Let g(q) be the third derivative of 3*q**5/10 + q**4/8 + q**3/3 + 19*q**2. What is the units digit of g(-3)?
5
Let g(p) = p**3 - 4*p**2 - 4*p + 6. Let y be g(5). Let m(s) = s**2 - 4*s - 9. What is the units digit of m(y)?
8
Suppose -3*l + 2*f = 445 - 16076, -3*l + f = -15626. What is the units digit of l?
7
What is the units digit of 2/10 + ((-8835)/(-75) - -8)?
6
Suppose 0 = -d - 2*d - 180. What is the hundreds digit of ((-92)/16)/(3/d)?
1
Let n = -20 - -37. Suppose l - 80 = n. Suppose -2*c + 16 = 2*o - 18, -5*o - c + l = 0. What is the tens digit of o?
2
Let w(o) = -3*o**3 - 14*o**2 + 49*o + 99. What is the units digit of w(-14)?
1
What is the hundreds digit of 7/(21/(-2)) - (-3080)/12?
2
Let u = 462 + -230. What is the tens digit of u?
3
Let i(y) = 35*y**3 + 10*y**2 - 11*y + 23. What is the units digit of i(4)?
9
Let v(j) = 7*j - 5. Let x be (-2 - 11/(-3))*6. What is the tens digit of v(x)?
6
Let b(s) = -89*s - 5. Let z = 13 + -15. Let a be b(z). Suppose 0 = 4*w - 5*o - a, -8 + 3 = o. What is the tens digit of w?
3
Let w be (-7)/2*(-40)/70. What is the units digit of (0/4 - -33) + w?
5
Suppose 0 = -18*s + 23877 + 18027. What is the hundreds digit of s?
3
Suppose -3*q + 11 = -4*h, 3*h = -q + 6*q. What is the tens digit of 8/2 + q - -103?
0
Let b = -53 - -55. Suppose -3*w + 58 = n, 0 = b*n + w - 3 - 133. What is the tens digit of n?
7
Let p be 296/36 - 4/18. Suppose -z = p*z - 1179. What is the tens digit of z?
3
Let a(l) = 67 + 67 - 3*l**2 + l**2 + 2. What is the units digit of a(0)?
6
Suppose 9*y + 1744 = 3*j + 4*y, -2*y = -4*j + 2330. What is the hundreds digit of j?
5
Let v = 54 - 0. Suppose 0 = 4*j - j + v. Let y(d) = -d**2 - 21*d + 6. What is the tens digit of y(j)?
6
Suppose -4*a - 6 = -26. Suppose -5*k + 9 = -3*d, -4*d = a*k - 0*d - 23. Suppose 0*l + k*l = 42. What is the tens digit of l?
1
Let t = 657 + -379. What is the units digit of t?
8
Let f(z) = z**3 + 14*z**2 - 19*z + 5. Let w = 38 + -53. What is the tens digit of f(w)?
6
Let l be (2 + (-26)/4)*-4. Let q be ((-1)/(-3))/(3/l). Suppose 4*b - q*b - 2 = 0. What is the units digit of b?
1
Let o = 10 + 99. Let a = o + -24. What is the tens digit of a?
8
What is the hundreds digit of (-1)/((-5)/(-2)) - (-64274)/35?
8
Let j(h) = -1709*h - 130. What is the tens digit of j(-3)?
9
Let p be (-2)/(-4)*(0 + 4). Suppose 0*i + 8 = p*i. Suppose -1 = 3*g + 5*o + 1, -i*g + 5*o + 44 = 0. What is the units digit of g?
6
Let m = 97 + -93. What is the tens digit of m/3 - (-3768)/36?
0
Suppose -33*u + 29*u = -l - 4592, -3*u + 3*l = -3444. What is the hundreds digit of u?
1
Let y = -264 - -509. Suppose 7*v - 2*v - y = 0. What is the tens digit of v?
4
Suppose -6*s + 720 = -s. What is the hundreds digit of s?
1
Let w = 969 - 682. What is the tens digit of w?
8
Suppose -3*c = -2*b - 8805, 3*b - 14656 = -5*c - 0*b. What is the hundreds digit of c?
9
Let d = -83 + 1731. What is the units digit of d?
8
Suppose 2*d = 4*v - 10, -3*v + 6*v + 77 = -5*d. Let z(x) = 3*x**2 + 3*x + 11. Let n be z(-2). Let s = n + d. What is the units digit of s?
4
Let g = 945 - 388. Suppose -5*q + 43 = -g. Suppose -2*y + 6*y = q. What is the tens digit of y?
3
Let m be (34 + -6)*1/2. What is the units digit of (16/6)/(m/63) + 3?
5
Let p(n) = -2*n**2 - 3*n + 7. Let y be p(5). Let k = 116 + y. What is the units digit of k?
8
Suppose 2*k + 192 = 8*k. What is the units digit of (-3)/4 - (-632)/k?
9
Suppose 94*i + 34150 - 129654 = 0. What is the tens digit of i?
1
What is the tens digit of (569/(-3))/(33/(-198))?
3
Suppose -k = -3*q - 4, 4*k + 3*q = 7*q + 48. Let i = -24 + k. Let y(p) = p**2 + 5*p - 1. What is the units digit of y(i)?
3
Let p be ((-9)/6)/((-4)/(-40)). Let i = p + -35. Let h = i - -70. What is the tens digit of h?
2
Suppose -4*h = i - 420 - 648, -i - 267 = -h. What is the units digit of h?
7
Suppose 0 = 6*c + 715 - 55. Let p = c - -154. What is the units digit of p?
4
Let w(r) = -r**3 + 17*r**2 + 9. Let s be w(17). Let u = 12 - 6. What is the tens digit of (u/s)/((-1)/(-18))?
1
Let r = -6 - 0. Let z(h) = h**3 + 6*h**2 + 5*h + 6. Let l be z(r). What is the units digit of (-6)/(-8) + (-6)/l?
1
Suppose -5*k - 4*m + 4818 = -192, -m + 1002 = k. What is the tens digit of k?
0
Let s = -1684 + 2465. What is the tens digit of s?
8
Let z(c) = 8*c + c - 3*c. Let v be z(-1). Let q(s) = -s**2 - 9*s + 3. What is the units digit of q(v)?
1
Let s be 1 + (-54)/10 - 2